{"id":2,"date":"2021-09-28T12:29:21","date_gmt":"2021-09-28T12:29:21","guid":{"rendered":"https:\/\/thpengenharia.com.br\/?page_id=2"},"modified":"2025-08-12T21:33:58","modified_gmt":"2025-08-12T21:33:58","slug":"thp-engenharia-campinas-sp","status":"publish","type":"page","link":"https:\/\/thpengenharia.com.br\/","title":{"rendered":"THP ENGENHARIA"},"content":{"rendered":"\t\t<div data-elementor-type=\"wp-page\" data-elementor-id=\"2\" class=\"elementor elementor-2\" data-elementor-post-type=\"page\">\n\t\t\t\t\t\t<section class=\"elementor-section elementor-top-section elementor-element elementor-element-09dc3cc elementor-section-full_width elementor-section-height-min-height elementor-section-content-middle elementor-section-height-default elementor-section-items-middle\" data-id=\"09dc3cc\" data-element_type=\"section\" data-e-type=\"section\" data-settings=\"{&quot;background_background&quot;:&quot;slideshow&quot;,&quot;background_slideshow_gallery&quot;:[{&quot;id&quot;:680,&quot;url&quot;:&quot;https:\\\/\\\/thpengenharia.com.br\\\/wp-content\\\/uploads\\\/2022\\\/05\\\/VAL-18.jpeg&quot;},{&quot;id&quot;:903,&quot;url&quot;:&quot;https:\\\/\\\/thpengenharia.com.br\\\/wp-content\\\/uploads\\\/2024\\\/06\\\/Mirante-SP-47.jpg&quot;},{&quot;id&quot;:959,&quot;url&quot;:&quot;https:\\\/\\\/thpengenharia.com.br\\\/wp-content\\\/uploads\\\/2024\\\/06\\\/Diego-de-Carvalho-Future-122.jpg&quot;},{&quot;id&quot;:934,&quot;url&quot;:&quot;https:\\\/\\\/thpengenharia.com.br\\\/wp-content\\\/uploads\\\/2024\\\/06\\\/Obra-CD-03.jpg&quot;},{&quot;id&quot;:850,&quot;url&quot;:&quot;https:\\\/\\\/thpengenharia.com.br\\\/wp-content\\\/uploads\\\/2024\\\/06\\\/Obra-VP_0293-HDR.jpg&quot;},{&quot;id&quot;:872,&quot;url&quot;:&quot;https:\\\/\\\/thpengenharia.com.br\\\/wp-content\\\/uploads\\\/2024\\\/06\\\/Obra-VP_2847-HDR.jpg&quot;}],&quot;background_slideshow_slide_duration&quot;:2000,&quot;background_slideshow_ken_burns&quot;:&quot;yes&quot;,&quot;background_slideshow_loop&quot;:&quot;yes&quot;,&quot;background_slideshow_slide_transition&quot;:&quot;fade&quot;,&quot;background_slideshow_transition_duration&quot;:500,&quot;background_slideshow_ken_burns_zoom_direction&quot;:&quot;in&quot;}\">\n\t\t\t\t\t\t<div class=\"elementor-container elementor-column-gap-default\">\n\t\t\t\t\t<div class=\"elementor-column elementor-col-100 elementor-top-column elementor-element elementor-element-760b9d3\" data-id=\"760b9d3\" data-element_type=\"column\" data-e-type=\"column\">\n\t\t\t<div class=\"elementor-widget-wrap elementor-element-populated\">\n\t\t\t\t\t\t<div class=\"elementor-element elementor-element-1870bce elementor-align-center elementor-mobile-align-center elementor-widget elementor-widget-button\" data-id=\"1870bce\" data-element_type=\"widget\" data-e-type=\"widget\" data-widget_type=\"button.default\">\n\t\t\t\t<div class=\"elementor-widget-container\">\n\t\t\t\t\t\t\t\t\t<div class=\"elementor-button-wrapper\">\n\t\t\t\t\t<a class=\"elementor-button elementor-button-link elementor-size-sm\" href=\"https:\/\/thpengenharia.com.br\/portfolio\/\">\n\t\t\t\t\t\t<span class=\"elementor-button-content-wrapper\">\n\t\t\t\t\t\t\t\t\t<span class=\"elementor-button-text\">ver portf\u00f3lio<\/span>\n\t\t\t\t\t<\/span>\n\t\t\t\t\t<\/a>\n\t\t\t\t<\/div>\n\t\t\t\t\t\t\t\t<\/div>\n\t\t\t\t<\/div>\n\t\t\t\t\t<\/div>\n\t\t<\/div>\n\t\t\t\t\t<\/div>\n\t\t<\/section>\n\t\t\t\t<section class=\"elementor-section elementor-top-section elementor-element elementor-element-9e9ae11 elementor-section-boxed elementor-section-height-default elementor-section-height-default\" data-id=\"9e9ae11\" data-element_type=\"section\" data-e-type=\"section\" data-settings=\"{&quot;background_background&quot;:&quot;classic&quot;}\">\n\t\t\t\t\t\t<div class=\"elementor-container elementor-column-gap-default\">\n\t\t\t\t\t<div class=\"elementor-column elementor-col-100 elementor-top-column elementor-element elementor-element-4005777\" data-id=\"4005777\" data-element_type=\"column\" data-e-type=\"column\">\n\t\t\t<div class=\"elementor-widget-wrap elementor-element-populated\">\n\t\t\t\t\t\t<div class=\"elementor-element elementor-element-eff6fb9 elementor-widget elementor-widget-heading\" data-id=\"eff6fb9\" data-element_type=\"widget\" data-e-type=\"widget\" data-widget_type=\"heading.default\">\n\t\t\t\t<div class=\"elementor-widget-container\">\n\t\t\t\t\t<h1 class=\"elementor-heading-title elementor-size-medium\">THP ENGENHARIA SOLU\u00c7\u00d5ES DE ALTO PADR\u00c3O EM LARES E EMPREENDIMENTOS<\/h1>\t\t\t\t<\/div>\n\t\t\t\t<\/div>\n\t\t\t\t<div class=\"elementor-element elementor-element-496aaf0 elementor-widget elementor-widget-spacer\" data-id=\"496aaf0\" data-element_type=\"widget\" data-e-type=\"widget\" data-widget_type=\"spacer.default\">\n\t\t\t\t<div class=\"elementor-widget-container\">\n\t\t\t\t\t\t\t<div class=\"elementor-spacer\">\n\t\t\t<div class=\"elementor-spacer-inner\"><\/div>\n\t\t<\/div>\n\t\t\t\t\t\t<\/div>\n\t\t\t\t<\/div>\n\t\t\t\t\t<\/div>\n\t\t<\/div>\n\t\t\t\t\t<\/div>\n\t\t<\/section>\n\t\t\t\t<section class=\"elementor-section elementor-top-section elementor-element elementor-element-bc5df08 elementor-section-boxed elementor-section-height-default elementor-section-height-default\" data-id=\"bc5df08\" data-element_type=\"section\" data-e-type=\"section\" data-settings=\"{&quot;background_background&quot;:&quot;classic&quot;}\">\n\t\t\t\t\t\t<div class=\"elementor-container elementor-column-gap-default\">\n\t\t\t\t\t<div class=\"elementor-column elementor-col-33 elementor-top-column elementor-element elementor-element-b022f98\" data-id=\"b022f98\" data-element_type=\"column\" data-e-type=\"column\">\n\t\t\t<div class=\"elementor-widget-wrap elementor-element-populated\">\n\t\t\t\t\t\t<div class=\"elementor-element elementor-element-3e48d46 elementor-align-center elementor-mobile-align-center elementor-widget elementor-widget-button\" data-id=\"3e48d46\" data-element_type=\"widget\" data-e-type=\"widget\" data-widget_type=\"button.default\">\n\t\t\t\t<div class=\"elementor-widget-container\">\n\t\t\t\t\t\t\t\t\t<div class=\"elementor-button-wrapper\">\n\t\t\t\t\t<a class=\"elementor-button elementor-button-link elementor-size-sm\" href=\"https:\/\/api.whatsapp.com\/send?phone=5519991681353&#038;text=Ol%C3%A1!%20Quero%20solicitar%20um%20or%C3%A7amento%20para\">\n\t\t\t\t\t\t<span class=\"elementor-button-content-wrapper\">\n\t\t\t\t\t\t<span class=\"elementor-button-icon\">\n\t\t\t\t<i aria-hidden=\"true\" class=\"fab fa-whatsapp\"><\/i>\t\t\t<\/span>\n\t\t\t\t\t\t\t\t\t<span class=\"elementor-button-text\">pe\u00e7a um or\u00e7amento<\/span>\n\t\t\t\t\t<\/span>\n\t\t\t\t\t<\/a>\n\t\t\t\t<\/div>\n\t\t\t\t\t\t\t\t<\/div>\n\t\t\t\t<\/div>\n\t\t\t\t\t<\/div>\n\t\t<\/div>\n\t\t\t\t<div class=\"elementor-column elementor-col-33 elementor-top-column elementor-element elementor-element-db06c8a\" data-id=\"db06c8a\" data-element_type=\"column\" data-e-type=\"column\">\n\t\t\t<div class=\"elementor-widget-wrap elementor-element-populated\">\n\t\t\t\t\t\t<div class=\"elementor-element elementor-element-2e65199 elementor-align-center elementor-mobile-align-center elementor-widget elementor-widget-button\" data-id=\"2e65199\" data-element_type=\"widget\" data-e-type=\"widget\" data-widget_type=\"button.default\">\n\t\t\t\t<div class=\"elementor-widget-container\">\n\t\t\t\t\t\t\t\t\t<div class=\"elementor-button-wrapper\">\n\t\t\t\t\t<a class=\"elementor-button elementor-button-link elementor-size-sm\" href=\"mailto:contato@thpengenharia.com.br\">\n\t\t\t\t\t\t<span class=\"elementor-button-content-wrapper\">\n\t\t\t\t\t\t<span class=\"elementor-button-icon\">\n\t\t\t\t<i aria-hidden=\"true\" class=\"fas fa-envelope\"><\/i>\t\t\t<\/span>\n\t\t\t\t\t\t\t\t\t<span class=\"elementor-button-text\">contato@thpengenharia.com.br<\/span>\n\t\t\t\t\t<\/span>\n\t\t\t\t\t<\/a>\n\t\t\t\t<\/div>\n\t\t\t\t\t\t\t\t<\/div>\n\t\t\t\t<\/div>\n\t\t\t\t\t<\/div>\n\t\t<\/div>\n\t\t\t\t<div class=\"elementor-column elementor-col-33 elementor-top-column elementor-element elementor-element-ac3a7cb\" data-id=\"ac3a7cb\" data-element_type=\"column\" data-e-type=\"column\">\n\t\t\t<div class=\"elementor-widget-wrap elementor-element-populated\">\n\t\t\t\t\t\t<div class=\"elementor-element elementor-element-28c2035 elementor-align-center elementor-mobile-align-center elementor-widget elementor-widget-button\" data-id=\"28c2035\" data-element_type=\"widget\" data-e-type=\"widget\" data-widget_type=\"button.default\">\n\t\t\t\t<div class=\"elementor-widget-container\">\n\t\t\t\t\t\t\t\t\t<div class=\"elementor-button-wrapper\">\n\t\t\t\t\t<a class=\"elementor-button elementor-button-link elementor-size-sm\" href=\"tel:19991681353\">\n\t\t\t\t\t\t<span class=\"elementor-button-content-wrapper\">\n\t\t\t\t\t\t\t\t\t<span class=\"elementor-button-text\">(19) 9 9168-1353<\/span>\n\t\t\t\t\t<\/span>\n\t\t\t\t\t<\/a>\n\t\t\t\t<\/div>\n\t\t\t\t\t\t\t\t<\/div>\n\t\t\t\t<\/div>\n\t\t\t\t\t<\/div>\n\t\t<\/div>\n\t\t\t\t\t<\/div>\n\t\t<\/section>\n\t\t\t\t<section class=\"elementor-section elementor-top-section elementor-element elementor-element-ec1afd5 elementor-hidden-desktop elementor-hidden-tablet elementor-hidden-mobile elementor-section-boxed elementor-section-height-default elementor-section-height-default\" data-id=\"ec1afd5\" data-element_type=\"section\" data-e-type=\"section\" data-settings=\"{&quot;background_background&quot;:&quot;classic&quot;}\">\n\t\t\t\t\t\t<div class=\"elementor-container elementor-column-gap-default\">\n\t\t\t\t\t<div class=\"elementor-column elementor-col-100 elementor-top-column elementor-element elementor-element-ea1f91a\" data-id=\"ea1f91a\" data-element_type=\"column\" data-e-type=\"column\">\n\t\t\t<div class=\"elementor-widget-wrap elementor-element-populated\">\n\t\t\t\t\t\t<div class=\"elementor-element elementor-element-3f37767 elementor-widget elementor-widget-text-editor\" data-id=\"3f37767\" data-element_type=\"widget\" data-e-type=\"widget\" data-widget_type=\"text-editor.default\">\n\t\t\t\t<div class=\"elementor-widget-container\">\n\t\t\t\t\t\t\t\t\t<h4><span style=\"color: #838b8f;\">Acompanhe nosso instagram<\/span><\/h4>\t\t\t\t\t\t\t\t<\/div>\n\t\t\t\t<\/div>\n\t\t\t\t\t<\/div>\n\t\t<\/div>\n\t\t\t\t\t<\/div>\n\t\t<\/section>\n\t\t\t\t<section class=\"elementor-section elementor-top-section elementor-element elementor-element-0076b8b elementor-hidden-desktop elementor-hidden-tablet elementor-hidden-mobile elementor-section-boxed elementor-section-height-default elementor-section-height-default\" data-id=\"0076b8b\" data-element_type=\"section\" data-e-type=\"section\" data-settings=\"{&quot;background_background&quot;:&quot;classic&quot;}\">\n\t\t\t\t\t\t<div class=\"elementor-container elementor-column-gap-default\">\n\t\t\t\t\t<div class=\"elementor-column elementor-col-100 elementor-top-column elementor-element elementor-element-9e2ee56\" data-id=\"9e2ee56\" data-element_type=\"column\" data-e-type=\"column\">\n\t\t\t<div class=\"elementor-widget-wrap elementor-element-populated\">\n\t\t\t\t\t\t<div class=\"elementor-element elementor-element-381e263 elementor-widget elementor-widget-sbi-widget\" data-id=\"381e263\" data-element_type=\"widget\" data-e-type=\"widget\" data-widget_type=\"sbi-widget.default\">\n\t\t\t\t<div class=\"elementor-widget-container\">\n\t\t\t\t\tNenhum feed selecionado para exibir.\t\t\t\t<\/div>\n\t\t\t\t<\/div>\n\t\t\t\t\t<\/div>\n\t\t<\/div>\n\t\t\t\t\t<\/div>\n\t\t<\/section>\n\t\t\t\t<section class=\"elementor-section elementor-top-section elementor-element elementor-element-d0d219f elementor-section-boxed elementor-section-height-default elementor-section-height-default\" data-id=\"d0d219f\" data-element_type=\"section\" data-e-type=\"section\" data-settings=\"{&quot;background_background&quot;:&quot;classic&quot;}\">\n\t\t\t\t\t\t<div class=\"elementor-container elementor-column-gap-default\">\n\t\t\t\t\t<div class=\"elementor-column elementor-col-100 elementor-top-column elementor-element elementor-element-a31ab79\" data-id=\"a31ab79\" data-element_type=\"column\" data-e-type=\"column\">\n\t\t\t<div class=\"elementor-widget-wrap elementor-element-populated\">\n\t\t\t\t\t\t<div class=\"elementor-element elementor-element-466afe6 elementor-widget elementor-widget-text-editor\" data-id=\"466afe6\" data-element_type=\"widget\" data-e-type=\"widget\" data-widget_type=\"text-editor.default\">\n\t\t\t\t<div class=\"elementor-widget-container\">\n\t\t\t\t\t\t\t\t\t<h4><span style=\"color: #838b8f;\">Nosso endere\u00e7o<\/span><\/h4>\t\t\t\t\t\t\t\t<\/div>\n\t\t\t\t<\/div>\n\t\t\t\t\t<\/div>\n\t\t<\/div>\n\t\t\t\t\t<\/div>\n\t\t<\/section>\n\t\t\t\t<section class=\"elementor-section elementor-top-section elementor-element elementor-element-a8111fb elementor-section-boxed elementor-section-height-default elementor-section-height-default\" data-id=\"a8111fb\" data-element_type=\"section\" data-e-type=\"section\" data-settings=\"{&quot;background_background&quot;:&quot;classic&quot;}\">\n\t\t\t\t\t\t<div class=\"elementor-container elementor-column-gap-default\">\n\t\t\t\t\t<div class=\"elementor-column elementor-col-100 elementor-top-column elementor-element elementor-element-f9ff26f\" data-id=\"f9ff26f\" data-element_type=\"column\" data-e-type=\"column\" data-settings=\"{&quot;background_background&quot;:&quot;classic&quot;}\">\n\t\t\t<div class=\"elementor-widget-wrap elementor-element-populated\">\n\t\t\t\t\t\t<div class=\"elementor-element elementor-element-72ad4c4 elementor-widget elementor-widget-google_maps\" data-id=\"72ad4c4\" data-element_type=\"widget\" data-e-type=\"widget\" data-widget_type=\"google_maps.default\">\n\t\t\t\t<div class=\"elementor-widget-container\">\n\t\t\t\t\t\t\t<div class=\"elementor-custom-embed\">\n\t\t\t<iframe loading=\"lazy\"\n\t\t\t\t\tsrc=\"https:\/\/maps.google.com\/maps?q=THP%20Engenharia&#038;t=m&#038;z=10&#038;output=embed&#038;iwloc=near\"\n\t\t\t\t\ttitle=\"THP Engenharia\"\n\t\t\t\t\taria-label=\"THP Engenharia\"\n\t\t\t><\/iframe>\n\t\t<\/div>\n\t\t\t\t\t\t<\/div>\n\t\t\t\t<\/div>\n\t\t\t\t\t<\/div>\n\t\t<\/div>\n\t\t\t\t\t<\/div>\n\t\t<\/section>\n\t\t\t\t<section class=\"elementor-section elementor-top-section elementor-element elementor-element-6efd51b elementor-section-boxed elementor-section-height-default elementor-section-height-default\" data-id=\"6efd51b\" data-element_type=\"section\" data-e-type=\"section\" data-settings=\"{&quot;background_background&quot;:&quot;classic&quot;}\">\n\t\t\t\t\t\t<div class=\"elementor-container elementor-column-gap-default\">\n\t\t\t\t\t<div class=\"elementor-column elementor-col-100 elementor-top-column elementor-element elementor-element-6955a86\" data-id=\"6955a86\" data-element_type=\"column\" data-e-type=\"column\">\n\t\t\t<div class=\"elementor-widget-wrap elementor-element-populated\">\n\t\t\t\t\t\t<div class=\"elementor-element elementor-element-8233c10 elementor-widget elementor-widget-text-editor\" data-id=\"8233c10\" data-element_type=\"widget\" data-e-type=\"widget\" data-widget_type=\"text-editor.default\">\n\t\t\t\t<div class=\"elementor-widget-container\">\n\t\t\t\t\t\t\t\t\t<h5><span style=\"color: #838b8f;\">R. Jos\u00e9 Lins do Rego, 129- Parque Alto Taquaral, Campinas &#8211; SP, 13087-789<\/span><\/h5>\t\t\t\t\t\t\t\t<\/div>\n\t\t\t\t<\/div>\n\t\t\t\t<div class=\"elementor-element elementor-element-83e7c6d elementor-widget elementor-widget-spacer\" data-id=\"83e7c6d\" data-element_type=\"widget\" data-e-type=\"widget\" data-widget_type=\"spacer.default\">\n\t\t\t\t<div class=\"elementor-widget-container\">\n\t\t\t\t\t\t\t<div class=\"elementor-spacer\">\n\t\t\t<div class=\"elementor-spacer-inner\"><\/div>\n\t\t<\/div>\n\t\t\t\t\t\t<\/div>\n\t\t\t\t<\/div>\n\t\t\t\t\t<\/div>\n\t\t<\/div>\n\t\t\t\t\t<\/div>\n\t\t<\/section>\n\t\t\t\t<\/div>\n\t\t","protected":false},"excerpt":{"rendered":"<p>ver portf\u00f3lio THP ENGENHARIA SOLU\u00c7\u00d5ES DE ALTO PADR\u00c3O EM LARES E EMPREENDIMENTOS pe\u00e7a um or\u00e7amento contato@thpengenharia.com.br (19) 9 9168-1353 Acompanhe nosso instagram Selecione um feed&hellip;<\/p>\n","protected":false},"author":2,"featured_media":0,"parent":0,"menu_order":0,"comment_status":"closed","ping_status":"open","template":"elementor_header_footer","meta":{"nf_dc_page":"","om_disable_all_campaigns":false,"footnotes":""},"class_list":["post-2","page","type-page","status-publish","hentry"],"yoast_head":"<!-- This site is optimized with the Yoast SEO plugin v27.3 - https:\/\/yoast.com\/product\/yoast-seo-wordpress\/ -->\n<title>THP Engenharia - Campinas\/SP<\/title>\n<meta name=\"description\" content=\"A THP - Engenharia se destaca pela excel\u00eancia e inova\u00e7\u00e3o em projetos de reforma e constru\u00e7\u00e3o. Veja nosso trabalho e solicite um or\u00e7amento.\" \/>\n<meta name=\"robots\" content=\"index, follow, max-snippet:-1, max-image-preview:large, max-video-preview:-1\" \/>\n<link rel=\"canonical\" href=\"https:\/\/thpengenharia.com.br\/\" \/>\n<meta property=\"og:locale\" content=\"pt_BR\" \/>\n<meta property=\"og:type\" content=\"article\" \/>\n<meta property=\"og:title\" content=\"THP Engenharia - Campinas\/SP\" \/>\n<meta property=\"og:description\" content=\"A THP - Engenharia se destaca pela excel\u00eancia e inova\u00e7\u00e3o em projetos de reforma e constru\u00e7\u00e3o. Veja nosso trabalho e solicite um or\u00e7amento.\" \/>\n<meta property=\"og:url\" content=\"https:\/\/thpengenharia.com.br\/\" \/>\n<meta property=\"og:site_name\" content=\"THP Engenharia\" \/>\n<meta property=\"article:modified_time\" content=\"2025-08-12T21:33:58+00:00\" \/>\n<meta name=\"twitter:card\" content=\"summary_large_image\" \/>\n<meta name=\"twitter:label1\" content=\"Est. tempo de leitura\" \/>\n\t<meta name=\"twitter:data1\" content=\"4 minutos\" \/>\n<script type=\"application\/ld+json\" class=\"yoast-schema-graph\">{\"@context\":\"https:\\\/\\\/schema.org\",\"@graph\":[{\"@type\":\"WebPage\",\"@id\":\"https:\\\/\\\/thpengenharia.com.br\\\/\",\"url\":\"https:\\\/\\\/thpengenharia.com.br\\\/\",\"name\":\"THP Engenharia - Campinas\\\/SP\",\"isPartOf\":{\"@id\":\"https:\\\/\\\/thpengenharia.com.br\\\/#website\"},\"datePublished\":\"2021-09-28T12:29:21+00:00\",\"dateModified\":\"2025-08-12T21:33:58+00:00\",\"description\":\"A THP - Engenharia se destaca pela excel\u00eancia e inova\u00e7\u00e3o em projetos de reforma e constru\u00e7\u00e3o. Veja nosso trabalho e solicite um or\u00e7amento.\",\"breadcrumb\":{\"@id\":\"https:\\\/\\\/thpengenharia.com.br\\\/#breadcrumb\"},\"inLanguage\":\"pt-BR\",\"potentialAction\":[{\"@type\":\"ReadAction\",\"target\":[\"https:\\\/\\\/thpengenharia.com.br\\\/\"]}]},{\"@type\":\"BreadcrumbList\",\"@id\":\"https:\\\/\\\/thpengenharia.com.br\\\/#breadcrumb\",\"itemListElement\":[{\"@type\":\"ListItem\",\"position\":1,\"name\":\"In\u00edcio\",\"item\":\"https:\\\/\\\/thpengenharia.com.br\\\/\"},{\"@type\":\"ListItem\",\"position\":2,\"name\":\"THP ENGENHARIA\"}]},{\"@type\":\"WebSite\",\"@id\":\"https:\\\/\\\/thpengenharia.com.br\\\/#website\",\"url\":\"https:\\\/\\\/thpengenharia.com.br\\\/\",\"name\":\"THP Engenharia\",\"description\":\"\",\"publisher\":{\"@id\":\"https:\\\/\\\/thpengenharia.com.br\\\/#organization\"},\"potentialAction\":[{\"@type\":\"SearchAction\",\"target\":{\"@type\":\"EntryPoint\",\"urlTemplate\":\"https:\\\/\\\/thpengenharia.com.br\\\/?s={search_term_string}\"},\"query-input\":{\"@type\":\"PropertyValueSpecification\",\"valueRequired\":true,\"valueName\":\"search_term_string\"}}],\"inLanguage\":\"pt-BR\"},{\"@type\":\"Organization\",\"@id\":\"https:\\\/\\\/thpengenharia.com.br\\\/#organization\",\"name\":\"THP Engenharia\",\"url\":\"https:\\\/\\\/thpengenharia.com.br\\\/\",\"logo\":{\"@type\":\"ImageObject\",\"inLanguage\":\"pt-BR\",\"@id\":\"https:\\\/\\\/thpengenharia.com.br\\\/#\\\/schema\\\/logo\\\/image\\\/\",\"url\":\"https:\\\/\\\/thpengenharia.com.br\\\/wp-content\\\/uploads\\\/2021\\\/10\\\/THP-logo.png\",\"contentUrl\":\"https:\\\/\\\/thpengenharia.com.br\\\/wp-content\\\/uploads\\\/2021\\\/10\\\/THP-logo.png\",\"width\":1575,\"height\":1575,\"caption\":\"THP Engenharia\"},\"image\":{\"@id\":\"https:\\\/\\\/thpengenharia.com.br\\\/#\\\/schema\\\/logo\\\/image\\\/\"},\"sameAs\":[\"https:\\\/\\\/www.instagram.com\\\/thp.engenharia\\\/\",\"https:\\\/\\\/www.linkedin.com\\\/company\\\/thp-engenharia\\\/\"]}]}<\/script>\n<!-- \/ Yoast SEO plugin. -->","yoast_head_json":{"title":"THP Engenharia - Campinas\/SP","description":"A THP - Engenharia se destaca pela excel\u00eancia e inova\u00e7\u00e3o em projetos de reforma e constru\u00e7\u00e3o. Veja nosso trabalho e solicite um or\u00e7amento.","robots":{"index":"index","follow":"follow","max-snippet":"max-snippet:-1","max-image-preview":"max-image-preview:large","max-video-preview":"max-video-preview:-1"},"canonical":"https:\/\/thpengenharia.com.br\/","og_locale":"pt_BR","og_type":"article","og_title":"THP Engenharia - Campinas\/SP","og_description":"A THP - Engenharia se destaca pela excel\u00eancia e inova\u00e7\u00e3o em projetos de reforma e constru\u00e7\u00e3o. Veja nosso trabalho e solicite um or\u00e7amento.","og_url":"https:\/\/thpengenharia.com.br\/","og_site_name":"THP Engenharia","article_modified_time":"2025-08-12T21:33:58+00:00","twitter_card":"summary_large_image","twitter_misc":{"Est. tempo de leitura":"4 minutos"},"schema":{"@context":"https:\/\/schema.org","@graph":[{"@type":"WebPage","@id":"https:\/\/thpengenharia.com.br\/","url":"https:\/\/thpengenharia.com.br\/","name":"THP Engenharia - Campinas\/SP","isPartOf":{"@id":"https:\/\/thpengenharia.com.br\/#website"},"datePublished":"2021-09-28T12:29:21+00:00","dateModified":"2025-08-12T21:33:58+00:00","description":"A THP - Engenharia se destaca pela excel\u00eancia e inova\u00e7\u00e3o em projetos de reforma e constru\u00e7\u00e3o. Veja nosso trabalho e solicite um or\u00e7amento.","breadcrumb":{"@id":"https:\/\/thpengenharia.com.br\/#breadcrumb"},"inLanguage":"pt-BR","potentialAction":[{"@type":"ReadAction","target":["https:\/\/thpengenharia.com.br\/"]}]},{"@type":"BreadcrumbList","@id":"https:\/\/thpengenharia.com.br\/#breadcrumb","itemListElement":[{"@type":"ListItem","position":1,"name":"In\u00edcio","item":"https:\/\/thpengenharia.com.br\/"},{"@type":"ListItem","position":2,"name":"THP ENGENHARIA"}]},{"@type":"WebSite","@id":"https:\/\/thpengenharia.com.br\/#website","url":"https:\/\/thpengenharia.com.br\/","name":"THP Engenharia","description":"","publisher":{"@id":"https:\/\/thpengenharia.com.br\/#organization"},"potentialAction":[{"@type":"SearchAction","target":{"@type":"EntryPoint","urlTemplate":"https:\/\/thpengenharia.com.br\/?s={search_term_string}"},"query-input":{"@type":"PropertyValueSpecification","valueRequired":true,"valueName":"search_term_string"}}],"inLanguage":"pt-BR"},{"@type":"Organization","@id":"https:\/\/thpengenharia.com.br\/#organization","name":"THP Engenharia","url":"https:\/\/thpengenharia.com.br\/","logo":{"@type":"ImageObject","inLanguage":"pt-BR","@id":"https:\/\/thpengenharia.com.br\/#\/schema\/logo\/image\/","url":"https:\/\/thpengenharia.com.br\/wp-content\/uploads\/2021\/10\/THP-logo.png","contentUrl":"https:\/\/thpengenharia.com.br\/wp-content\/uploads\/2021\/10\/THP-logo.png","width":1575,"height":1575,"caption":"THP Engenharia"},"image":{"@id":"https:\/\/thpengenharia.com.br\/#\/schema\/logo\/image\/"},"sameAs":["https:\/\/www.instagram.com\/thp.engenharia\/","https:\/\/www.linkedin.com\/company\/thp-engenharia\/"]}]}},"jetpack_sharing_enabled":true,"_links":{"self":[{"href":"https:\/\/thpengenharia.com.br\/index.php?rest_route=\/wp\/v2\/pages\/2","targetHints":{"allow":["GET"]}}],"collection":[{"href":"https:\/\/thpengenharia.com.br\/index.php?rest_route=\/wp\/v2\/pages"}],"about":[{"href":"https:\/\/thpengenharia.com.br\/index.php?rest_route=\/wp\/v2\/types\/page"}],"author":[{"embeddable":true,"href":"https:\/\/thpengenharia.com.br\/index.php?rest_route=\/wp\/v2\/users\/2"}],"replies":[{"embeddable":true,"href":"https:\/\/thpengenharia.com.br\/index.php?rest_route=%2Fwp%2Fv2%2Fcomments&post=2"}],"version-history":[{"count":5,"href":"https:\/\/thpengenharia.com.br\/index.php?rest_route=\/wp\/v2\/pages\/2\/revisions"}],"predecessor-version":[{"id":997,"href":"https:\/\/thpengenharia.com.br\/index.php?rest_route=\/wp\/v2\/pages\/2\/revisions\/997"}],"wp:attachment":[{"href":"https:\/\/thpengenharia.com.br\/index.php?rest_route=%2Fwp%2Fv2%2Fmedia&parent=2"}],"curies":[{"name":"wp","href":"https:\/\/api.w.org\/{rel}","templated":true}]}}